10?
16969
Convert -3010100233 (base 4) to base 16.
-c442f
Convert -232a55 (base 11) to base 2.
-1011010010100100101
What is -1250a6 (base 11) in base 16?
-301f0
-425153 (base 6) to base 15
-a4d0
-536241 (base 7) to base 15
-1ca33
Convert -103214 (base 7) to base 8.
-43031
-1806508 (base 9) to base 15
-14dcb5
26315522 (base 7) to base 11
13a4aaa
796a56 (base 12) to base 5
444042242
What is -2576d (base 14) in base 9?
-150205
What is 210013065 (base 7) in base 15?
114134c
24005c8 (base 13) to base 4
222133223113
What is 66446 (base 11) in base 3?
11220012010
What is -1114010411 (base 5) in base 13?
-6901a0
-213355500 (base 7) to base 8
-60556256
713576 (base 8) to base 10
235390
-1b28776 (base 12) to base 8
-26030112
What is 1561200 (base 8) in base 11?
288aa2
-1032344454 (base 6) to base 14
-167565c
What is 10304414 (base 5) in base 15?
1b18e
What is -57041323 (base 8) in base 15?
-113aa00
Convert 24404231 (base 5) to base 4.
320212020
What is 100000100000101011 (base 2) in base 6?
2504255
-65b818 (base 13) to base 9
-4451746
40014242 (base 5) to base 11
1a475a
Convert -c947 (base 16) to base 12.
-2599b
What is -1354640 (base 7) in base 3?
-100020100012
-34114324 (base 5) to base 14
-7bab4
What is 99761 (base 10) in base 3?
12001211212
Convert -303243541 (base 6) to base 4.
-103311220111
220313012 (base 4) to base 6
3330502
Convert 7526039 (base 10) to base 2.
11100101101011010010111
Convert -102110011002210 (base 3) to base 14.
-b45818
Convert 12477 (base 12) to base 13.
b413
Convert 503cd6 (base 14) to base 7.
31643256
What is 103222432 (base 5) in base 13?
127940
What is 1363705 (base 10) in base 2?
101001100111011111001
b4314 (base 12) to base 10
235456
Convert -8c12f3 (base 16) to base 11.
-51aaa96
Convert -198334a (base 11) to base 16.
-3300de
What is -302516 (base 9) in base 10?
-179025
-123220115 (base 6) to base 14
-465ac7
What is -11b30 (base 13) in base 15?
-9a21
What is -26693 (base 11) in base 15?
-b44b
-131230332 (base 4) to base 6
-2335130
Convert 79a6b (base 14) to base 10.
295663
71d2d (base 15) to base 3
200022210221
24828 (base 11) to base 7
205542
-175898 (base 12) to base 15
-7ea12
37a91 (base 13) to base 15
20730
Convert 435e3b (base 15) to base 6.
152442332
Convert -3a146 (base 13) to base 7.
-626343
-7148565 (base 10) to base 13
-1633a28
What is 22221133 (base 5) in base 12?
94b40
What is 101343 (base 9) in base 8?
165234
Convert -17036461 (base 8) to base 12.
-13a4755
What is -102440403 (base 5) in base 3?
-211012102101
Convert -301690 (base 14) to base 9.
-3034732
-10590467 (base 10) to base 7
-156005666
Convert -564514 (base 9) to base 8.
-1224031
Convert -1111000101010111 (base 2) to base 5.
-3434113
What is -382712 (base 9) in base 13?
-815ab
-288970 (base 10) to base 5
-33221340
-348321 (base 9) to base 10
-209485
Convert -10100101100000 (base 3) to base 5.
-423412003
-1d1a2 (base 15) to base 14
-2680d
Convert -1000001110100111100111 (base 2) to base 11.
-1243678
What is -1063637 (base 9) in base 5?
-121323024
-178774 (base 9) to base 6
-2215534
-13012024 (base 5) to base 3
-20101200120
-445211 (base 8) to base 6
-3115053
What is 52058 (base 10) in base 13?
1a906
What is 15473600 (base 8) in base 14?
68cbcc
What is -11012121200 (base 3) in base 15?
-1981c
-7465156 (base 9) to base 6
-221415510
Convert 11100012010 (base 3) to base 10.
85431
What is -1022516 (base 7) in base 8?
-361003
1043201404 (base 5) to base 15
30c189
What is -483779 (base 10) in base 4?
-1312013003
a6754 (base 11) to base 6
3154554
What is 52926 (base 14) in base 13?
6c98b
What is 2a1b4 (base 15) in base 2?
100001000011100010
36c626 (base 15) to base 16
280911
What is -63056 (base 9) in base 2?
-1010001010000100
What is 73918 (base 10) in base 3?
10202101201
Convert 19ba5c (base 13) to base 16.
9fbc4
-6877b (base 13) to base 6
-4024403
What is 12a101a (base 11) in base 6?
120012545
-7a8609 (base 15) to base 8
-26242172
1251551 (base 6) to base 3
10111210211
60087 (base 14) to base 6
4535355
Convert -3b96c (base 16) to base 14.
-64d40
Convert -1346c0a (base 13) to base 11.
-3476660
What is 6040654 (base 7) in base 4?
2232300313
Convert 2723017 (base 9) to base 10.
1491550
What is -1c355 (base 13) in base 10?
-55502
1895172 (base 14) to base 7
205425602
Convert -52409 (base 12) to base 9.
-173680
What is 1023103000 (base 4) in base 9?
520054
What is 122201211 (base 4) in base 7?
631515
151b97 (base 12) to base 7
3011503
Convert 7920 (base 10) to base 15.
2530
What is 5066151 (base 9) in base 14?
5044da
-34190 (base 10) to base 6
-422142
Convert 226510 (base 7) to base 8.
117426
-127247 (base 11) to base 15
-3e398
1bb0 (base 15) to base 13
2979
890893 (base 10) to base 9
1607061
Convert 3300021 (base 6) to base 3.
22022000111
Convert 797928 (base 10) to base 13.
21c261
71a50a (base 12) to base 7
21064111
1010110011000111001 (base 2) to base 10
353849
What is 22c8a (base 16) in base 10?
142474
Convert 41416014 (base 8) to base 6.
512213500
Convert -101110101010011101 (base 2) to base 9.
-321160
Convert 3300412 (base 5) to base 15.
11a72
Convert -147848 (base 12) to base 9.
-575322
-62792c (base 14) to base 15
-45a1c8
What is 183a77 (base 12) in base 10?
421435
63198a (base 13) to base 3
11100201200221
What is -3717327 (base 9) in base 4?
-13231010032
What is -3165352 (base 7) in base 11?
-244063
56034 (base 9) to base 15
b05a
277767 (base 10) to base 12
1148b3
Convert 11233212022 (base 4) to base 13.
409441
2512a (base 16) to base 5
14324400
-102232230210 (base 4) to base 13
-102ba57
556467 (base 11) to base 13
250970
-70560 (base 9) to base 6
-554430
What is -2a1f6 (base 16) in base 5?
-21010114
What is 105247b (base 13) in base 14?
936d7c
-320401030 (base 5) to base 7
-14252636
612dc5 (base 14) to base 3
20011022111022
121000100211002 (base 3) to base 4
200131230011
-1321312033 (base 4) to base 14
-cdc51
What is -1964f (base 16) in base 6?
-2121315
Convert 4975a26 (base 12) to base 10.
14338686
-12411423 (base 6) to base 16
-63207
Convert -111202212122 (base 3) to base 5.
-32133342
What is -58258 (base 15) in base 13?
-9a991
-2022202210220 (base 3) to base 5
-304014032
What is 140c792 (base 13) in base 4?
120023300333
101101010101010001 (base 2) to base 11
117561
Convert -104414243 (base 5) to base 14.
-c21a7
What is 101011001010110000 (base 2) in base 10?
176816
-15bbc0 (base 13) to base 16
-83e78
Convert 2342213 (base 11) to base 10.
4087757
1353144 (base 10) to base 16
14a5b8
72761 (base 8) to base 7
154012
-1575431 (base 10) to base 5
-400403211
Convert -50c61c (base 16) to base 2.
-10100001100011000011100
Convert -1100010110100011101 (base 2) to base 3.
-202120020022
Convert 282236 (base 15) to base 2.
111010111011011111001
Convert 71007b (base 15) to base 13.
115b785
-1f3283 (base 16) to base 4
-13303022003
Convert 5b944 (base 13) to base 2.
101001001001100101
-2897 (base 11) to base 14
-150c
Convert -42a86 (base 12) to base 16.
-15786
-32033214 (base 5) to base 6
-5424234
-151c3 (base 15) to base 13
-24ba9
What is 49950 (base 11) in base 13?
26825
Convert -2c6a6 (base 15) to base 5.
-14041011
-1122211100 (base 4) to base 15
-74dee
114442 (base 11) to base 8
542452
What is 282a4a5 (base 13) in base 15?
11ae195
What is b4c20 (base 13) in base 15?
66478
What is -33133201 (base 5) in base 9?
-476218
10630656 (base 7) to base 10
931923
2104061 (base 7) to base 10
253520
-1001000002 (base 3) to base 16
-4fbe
Convert 40446 (base 11) to base 6.
1133334
-111021102221 (base 3) to base 6
-5333424
Convert -12111010101 (base 3) to base 4.
-122113033
What is 45351253 (base 7) in base 11?
22551a7
Convert 5b714 (base 13) to base 4.
221003230
10010110010111001010 (base 2) to base 16
965ca
Convert -4bc8d (base 14) to base 16.
-2d7d5
What is b8181 (base 15) in base 16?
8ea1d
-101101022021 (base 3) to base 15
-4082d
750c2 (base 16) to base 8
1650302
Convert 212704 (base 16) to base 10.
2172676
What is 5013236 (base 8) in base 16?
14169e
Convert 355482 (base 11) to base 12.
232197
What is -202490 (base 10) in base 7?
-1502231
Convert -907607 (base 11) to base 13.
-3c141c
-623534 (base 8) to base 12
-9b738
46bc8 (base 13) to base 6
2435145
334452432 (base 6) to base 7
102610226
-152c721 (base 13) to base 12
-2324796
Convert -10422243124 (base 5) to base 16